?
True
Let z = 127 + 58. Is z a prime number?
False
Let g(z) = 115*z - 5. Is g(6) a prime number?
False
Let l be 0/(2 + (-2 - 1)). Suppose -4 = h - l*h. Is (-7449)/(-15) + h/(-10) a prime number?
False
Suppose o = -5*j - 4, -3*o = 3*j - 6 + 18. Is (-11)/(6/o + 1) prime?
False
Suppose -3*j + 2*v + 635 = 0, 5*j + 0*v = 2*v + 1057. Is j composite?
False
Suppose -12*p + 1015 = 211. Is p a composite number?
False
Suppose 0*k - k - 6 = 0. Let y(s) = -s**3 - 5*s**2 + 5*s - 2. Let u be y(k). Suppose 5*h - 112 = u*x - 23, 2*x - 92 = -4*h. Is h composite?
True
Suppose 5*o = q + 20, 0 = -o - 3*q + 3 + 1. Suppose -333 = -2*t + t + 2*k, -t - o*k + 327 = 0. Is t prime?
True
Let z = 327 - 559. Let j = -69 - z. Is j prime?
True
Is -3*(-2 + (-2585)/15) a prime number?
True
Let c = 103 - -80. Suppose 0 = -5*j - z - 19 + c, 5*z = -2*j + 61. Is j a prime number?
False
Let x(b) = b + 623. Is x(0) a composite number?
True
Let i = 9 + -12. Is 19 + (0 - -3) + i composite?
False
Suppose -2*w = w + 123. Let y = 64 + w. Is y a composite number?
False
Let r = -2 - -1. Let z be r/(-1) - (2 - 106). Suppose z = q + 2*q. Is q a prime number?
False
Let z(l) = 3*l + 18. Let w be z(-8). Let g(f) = 11*f**2 + 9*f + 5. Is g(w) prime?
True
Let m(c) = 98*c**2. Let u be m(1). Suppose 3*f = f + u. Is f prime?
False
Suppose 20 = -5*z, 0 = 5*x + 4*z - 5*z - 3909. Is x a prime number?
False
Let t = -96 + 27. Let g = t - -120. Is g prime?
False
Suppose 16 = 4*p + 4*k, -20 = -2*p + p - 5*k. Let l = 9 + p. Let v(c) = 4*c - 2. Is v(l) composite?
True
Let u = 239 - -56. Is u composite?
True
Suppose -b + 8040 = u, -5*b - 3*u + 40195 = u. Is b composite?
True
Suppose f = 5*p + 252, 3*f - 1030 = -f - 2*p. Is f composite?
False
Let a be -1 - ((-2)/(-1))/2. Let q = 4 - -1. Let p = a + q. Is p a composite number?
False
Suppose -2*l - 3047 = -3*l. Is l prime?
False
Let n = 208 + -137. Is n prime?
True
Let l be 16 + 3/(-6)*-4. Suppose -5*k = -3*m - 21, 0 = -5*k + 5*m - m + l. Is k a prime number?
False
Suppose q + 12 = m - 24, 0 = -5*q + 5. Suppose 3*l - 26 = m. Is (-6)/l + (-1166)/(-14) a prime number?
True
Let f be 20/3*(-12)/8. Is (-120)/(-9) - f/15 a composite number?
True
Let n = -220 + 387. Suppose 0 = 3*x - 10 - n. Is x a composite number?
False
Suppose 4*m = j + 4349, 5*m - 4*j - 1718 = 3721. Is m a prime number?
True
Suppose 2*h - 1236 = -3*w - h, 0 = -5*w + 4*h + 2051. Is w a prime number?
False
Suppose 0 = -5*j + 3030 + 915. Is j a prime number?
False
Let m be 3/(-3) - 2 - -324. Suppose -115 = 4*b + m. Let a = 100 - b. Is a prime?
False
Suppose 2*r + r - 12 = 0. Suppose 5*b - 4*l + 22 - 205 = 0, 3*b + r*l = 97. Is b composite?
True
Suppose 3*p - 5*p = 0. Suppose p = u - 2*u + 10. Is u composite?
True
Let q = 6091 - 2782. Is q composite?
True
Let x = 2 + 1. Let t = 3 + x. Is 308/6 - 2/t a composite number?
True
Let z be 18 + 3/1 - 2. Suppose -3*d = -2*t - 2*d + z, -3*t - 5*d - 4 = 0. Is t a prime number?
True
Suppose 4*z - 2*z - 5*c = 31, -c - 19 = -2*z. Let j = -1 + z. Is j a composite number?
False
Let d(t) = -t**3 + 4*t**2 + 4*t. Let r be d(-5). Let i = r + -128. Is i a composite number?
True
Is 3740/30*-3*2/(-4) a prime number?
False
Let g = 2 - 2. Suppose 3*i - m + 57 = g, -2*m = -i - m - 21. Is ((-74)/(-6))/((-6)/i) composite?
False
Suppose -2*o = o - 603. Suppose -5*u - 2*c = -61 - 116, 5*u - 4*c - o = 0. Is u a prime number?
True
Let s = -14 - -17. Suppose -3*a + 477 = -5*m, -144 + 621 = s*a + m. Is a a prime number?
False
Let u(c) = -7*c + 5 - 14*c**2 - 13*c**2 + 28*c**2. Is u(-9) a prime number?
True
Suppose -4*s + 781 = 5*c + 249, -3*c = 4*s - 316. Suppose -2*x - c = 42. Let z = -40 - x. Is z a prime number?
False
Suppose i - 23 = 5*f, -4*f = -6*f - 8. Suppose i*m - 62 = m. Suppose 117 = 4*j - m. Is j prime?
True
Let a(y) = 7*y - 7. Is a(3) a prime number?
False
Let y be 4/(-26) - (-2)/13. Let o = 124 - 22. Suppose -2*u + o = -y*u. Is u a prime number?
False
Suppose -6*r + 15239 = r. Is r a composite number?
True
Suppose 0*c = 2*c - 988. Let s = c - 317. Is s composite?
True
Suppose -4 = -w - 0. Suppose 5*m + 5 = -t + w*t, t - 3 = 2*m. Let u(k) = 2*k**2 - k - 2. Is u(t) prime?
True
Let z = -336 + 553. Is z a prime number?
False
Is ((-1902)/(-3))/1 + -3 a prime number?
True
Let s(n) be the second derivative of 13*n**3/6 - n**2/2 - n. Let o = -35 - -37. Is s(o) a composite number?
True
Let b = 370 + -259. Is b prime?
False
Suppose s = -3*s + 4. Let p(d) be the second derivative of d**5/10 + d**4/12 - d**3/3 + d**2/2 - d. Is p(s) prime?
True
Let f = -2 - -5. Suppose -f = -5*u + 17. Is u a prime number?
False
Suppose -11 = -3*u - 5*n, 5*n = 4*u - 3*u + 3. Suppose -m - f - 70 = -u*m, -2*m + 138 = -4*f. Is m a composite number?
False
Let j(k) = -2*k**3 + 2*k**2 + 2*k + 3. Let f(q) be the second derivative of -q**3/6 - 7*q**2/2 - 3*q. Let i be f(-4). Is j(i) composite?
True
Let d = -2249 + 3958. Is d composite?
False
Let l = 1439 - -853. Suppose j = 4*j - l. Suppose 5*p = p + j. Is p a prime number?
True
Let u(h) = h**2 - 2*h - 1. Let r be u(-1). Suppose r*b = 3*y - 0*y, -5*y - 5*b = 25. Let i = 8 - y. Is i prime?
False
Suppose 0*g = 4*g - 316. Is g prime?
True
Suppose -4*y = -3*y + 4*i + 16, -3*y - i = 4. Suppose y = 3*q - 40 - 131. Is q composite?
True
Let f be (-132)/8*(-4)/6. Suppose 5*i + 5*a + 20 = 0, -2*i = -5*a - 16 - f. Let h = i + 2. Is h a prime number?
True
Suppose 2*x + 4*s + 271 = 3*x, -512 = -2*x - 2*s. Is x prime?
False
Let u(y) = -28*y - 5. Let l(w) = -27*w - 4. Let s(f) = -3*l(f) + 2*u(f). Is s(3) a composite number?
True
Suppose -4*h = -12, 2*h - 6583 = -4*q + 13071. Is (2/(-4))/((-8)/q) prime?
True
Let x(s) = s**3 + 4*s**2 - 5*s. Let r be x(-5). Suppose -4*b + 3*a - 2*a = -449, 4*b + a - 455 = r. Is b prime?
True
Let g(m) = -m**3 + 4*m**2 + m - 3. Let r be g(3). Suppose 0 = -5*i + 2*f + 44, -4*f + r = 3*i - 7. Is 66/4*i/6 prime?
False
Suppose h - 142 = 2*c - 1186, -5*c - 4*h = -2597. Is c a composite number?
False
Suppose -4*f = -5877 + 1065. Is f prime?
False
Suppose -2*r = 3*w - 257, -3*r + 4*w + 0*w = -394. Suppose k + k = r. Is k a composite number?
True
Let o = 574 - 311. Is o a composite number?
False
Let s be 92/20 - 4/(-10). Is (s - 7)*782/(-4) a prime number?
False
Suppose 26*a - 31*a = -3415. Is a prime?
True
Is 5079/9 - (-24)/(-18) composite?
False
Suppose 5*r + 1 = 26. Suppose -407 = -5*t - l, 0 = -3*t + r*l + 37 + 224. Let d = -48 + t. Is d composite?
True
Suppose 0 = -5*d + 92 - 1032. Let z(c) = -3*c**2 - c + 2. Let b be z(-2). Is (4/b)/(2/d) a composite number?
False
Let x = -17 + 19. Suppose x*z - z + q = 226, -5*q = -25. Is z prime?
False
Let o = 39 + 58. Is o composite?
False
Let x = 680 + -234. Is x composite?
True
Is 126 - (5/(-7) + 6/(-21)) prime?
True
Let j be (4/6)/(1/3). Is (3/j + -1)*254 prime?
True
Let j(k) = 9*k**2 + 12*k + 7. Is j(-6) a prime number?
False
Let o(g) be the second derivative of g**4/12 + g**3/6 + g**2 - 2*g. Is o(-5) prime?
False
Suppose 3*p + 66 = q + 6*p, 0 = 5*q - 2*p - 398. Suppose g = -g + 8. Is 24/18*q/g composite?
True
Suppose 0 = -k - 3*k + 48. Suppose 5*w = 10, 5*w - k = r - 2*r. Suppose r*h = 153 - 19. Is h a prime number?
True
Suppose -4*v = 5*c - 2, -3 - 3 = -4*c - v. Let l(n) = -3 - n**2 + 10*n + 0*n**c - 2. Is l(4) a composite number?
False
Let x be (-2)/8 + (-246)/8. Suppose -2*q = -14 - 114. Let m = x + q. Is m prime?
False
Let a(g) = -8*g + 119. Is a(-13) a composite number?
False
Let o(b) = 3*b**2 - 4*b - 4. Let n be o(-3). Suppose -205 = -2*s - n. Is s a composite number?
True
Let a(u) = -505*u**3 - 3*u**2 - 3*u - 1. Let p be a(-1). Let w = p - 293. Is w a prime number?
True
Suppose 3*x - 412 - 10 = -5*w, 3*w - x = 242. Is w a prime number?
False
Suppose 0 = 4*g - 0*g - 16. Let a be (244 - -1) + (-1 - -1). Suppose -2*q - 83 = -l, -a = -3*l + g*q - 0*q. Is l a composite number?
False
Let s(t) = -t**3 + 13*t**2 - 9*t + 17. Is s(12) composite?
False
Suppose c - 5*d = 1313, -2633 = -0*c - 2*c + 3*d. Is c composite?
True
Let o be 0/(12/(-2) + 3). Is 7*53 + o/1 composite?
True
Let z be (-12)/9*(-69)/(-2). Let c = z + 68. Is c a composite number?
True
Let v = 125 + -30. Is v prime?
False
Suppose 0 = -0*m - m - 4*a + 20, -3*a + 3 = 0. Suppose -1 = -5*w - m, 71 = n + 2*w. Is n prime?
False
Let c = -52 - -237. 